h be p(-6). Let z be 60 - (h - -4) - -2. Suppose 2*b = -b + z. What is the greatest common divisor of b and 8?
4
Let v = 23 + -5. Let c(u) = -u**2 - u + 5. Let h be c(0). Suppose 0 = -4*k + 185 - h. Calculate the highest common divisor of k and v.
9
Let q(n) = -n**3 - 8*n**2 + 2. Let u be q(-8). Let i = 0 - 1. Let w be (-7 - (4 - u))*i. What is the highest common factor of w and 63?
9
Let w = -1 - -3. Let h be (-1)/(-1) + 24/w. What is the highest common factor of h and 65?
13
Let w = -26 - -28. What is the greatest common divisor of 22 and w?
2
Suppose -11 - 77 = -2*a. Calculate the greatest common factor of a and 22.
22
Let v be 3 + (-3)/(3/3). Let l = 1 + v. Suppose -3*r = 7 - l, 0 = -5*k + 5*r + 135. Calculate the greatest common divisor of k and 200.
25
Suppose -6*n = -23*n + 1428. Calculate the greatest common divisor of 4 and n.
4
Suppose -29 - 16 = 3*z. Let g be 10/4*(-18)/z. Suppose 2*i - 9 = -5*j + g, -16 = 4*j. Calculate the greatest common divisor of 2 and i.
2
Let t(v) = -11*v + 9. Let q be t(-9). Suppose -q = 9*r - 12*r. Calculate the greatest common divisor of 24 and r.
12
Suppose -2 = -2*v + 2*k, -v = 5*k - 3*k - 4. Let u(y) = 12*y + 1. Let a be u(v). Calculate the highest common factor of 10 and a.
5
Let m = 11 + -11. Suppose m*z = z - 30. What is the greatest common divisor of 10 and z?
10
Let z(c) = -c**3 + 6*c**2 - 4*c - 1. Let n be z(5). Let j be 39/n*(-16)/(-6). Calculate the highest common divisor of j and 13.
13
Let j be 87 + -1 - (13 + -8 - -1). Let l(p) = -2*p + 4. Let x be l(-6). Calculate the highest common divisor of x and j.
16
Suppose 3*u + 96 = 7*u. Let m be 0 - (15*-12)/3. Calculate the highest common factor of m and u.
12
Let p be 0 - (-1 - 0)*9. Suppose -16 = 4*l - 0*l, -201 = -3*j + 3*l. What is the greatest common factor of p and j?
9
Let i be ((-2)/(-4))/(1/(-126)). Let c = -33 - i. What is the greatest common divisor of 15 and c?
15
Let r(b) = 109*b**2 + 1. Let w be r(1). Let c(m) = m**3 + 6*m**2 - 8*m + 4. Let g be c(-7). What is the highest common divisor of w and g?
11
Suppose u - 11 = -3*m, 0 = 2*m - 4*u - 33 + 7. Suppose 0*z - m*z = 0. Suppose -n = -z*n - 11. What is the highest common factor of n and 1?
1
Let w = 12 + -2. Let g(c) = 2*c + 2. Let l be g(w). What is the greatest common factor of l and 154?
22
Let i be 2/(-6) - 22/(-3). Suppose -25 = -5*m - 5*d, -3*m = -2*m - 2*d - 11. What is the highest common divisor of i and m?
7
Suppose z + 2*z - 675 = 0. Let v be (-10)/(-3)*z/(-10). Let f = 130 + v. Calculate the greatest common factor of f and 11.
11
Let j(q) = 3*q - 3. Let m be j(3). Let b(t) = 4*t - 2. Let a be b(m). Let k be (-486)/(-11) + (0 - 2/11). What is the highest common factor of k and a?
22
Suppose -13 = -3*b - 2*a - 4, -2*b = 5*a - 6. Let t(o) = 3*o**2 + o - 6. Let z be t(b). What is the greatest common divisor of 16 and z?
8
Let y be 8/(-10) + 2/(-10). Let m be ((-3)/9)/(y/6). Suppose -2*g + 20 = -n, -m*g = 4*n - 0*n - 30. Calculate the greatest common divisor of g and 77.
11
Let a(b) = -2*b**3 + b**2 + b + 20. Let v be a(0). What is the highest common factor of v and 60?
20
Let z(f) = f + 11. Let w be z(-6). Suppose -m + 5 = 0, 86 = 3*b - w*m - 9. What is the highest common factor of b and 10?
10
Suppose 4*x + 20 = 0, -4*x = 3*p + 3 - 1. What is the highest common factor of 30 and p?
6
Let j = 19 + -9. Let z be (12/(-6))/((-4)/j). Calculate the highest common factor of 15 and z.
5
Suppose l - 4*u - 23 = 0, -5*l = -2*l - 5*u - 34. Calculate the greatest common divisor of l and 3.
3
Let u = 7 + 0. What is the greatest common factor of u and 7?
7
Let w(u) = u**3 + 5*u**2 - 7*u - 6. Let s be w(-6). Suppose s = -2*d + d + 27. Calculate the greatest common divisor of d and 3.
3
Let s = 150 - 78. Calculate the greatest common divisor of s and 36.
36
Let n(h) = h. Suppose -3*p - 2*t + 10 = 2*t, 5*p + 3*t = 35. Let w be n(p). Let k = -24 + 34. What is the highest common factor of w and k?
10
Let v be 2*(-1 + 0 + 10). What is the highest common divisor of 18 and v?
18
Suppose -s + 3*s - 5*t = 262, 2*s - 3*t = 254. Let x = 7 - 7. Let a be (-6)/(3 + x) + 13. What is the greatest common divisor of s and a?
11
Let r be -3 + (-4)/(-2) + 36. What is the highest common divisor of 245 and r?
35
Let x = 7 + -4. Suppose -x*s + 48 = 9. Calculate the highest common factor of 117 and s.
13
Suppose k + 2*k = 0. Suppose -2*m + k*m = -6. Calculate the highest common factor of m and 3.
3
Suppose m + m - 60 = 3*x, -96 = 5*x - 2*m. Let d = -7 - x. Let y be (d/(-2))/(1/(-2)). What is the greatest common factor of y and 55?
11
Suppose -2*h + 5*h = 87. What is the greatest common divisor of h and 58?
29
Suppose 5*p - 26 = -11. Suppose 2*s = -p*s. Suppose 2*n - n - 2 = s. What is the highest common divisor of 16 and n?
2
Let s(j) = j**2 - 8*j + 5. Let m be s(9). Let l = 22 - m. Calculate the highest common divisor of 8 and l.
8
Let a be ((-8)/24)/((-1)/27). What is the greatest common divisor of 99 and a?
9
Let x be (-1 - 8)*(-5)/(20/32). What is the greatest common factor of 180 and x?
36
Let k(y) = -y**2 + 14*y - 6. Let c be k(12). Calculate the highest common factor of 180 and c.
18
Let y = 44 + -33. Suppose -p + 4 = 0, t - 5*p + 2 = -16. Suppose 4*g - 66 = -t*r, -2*r + 2*g + 34 = -32. Calculate the greatest common factor of y and r.
11
Suppose 13*p - 8*p = 5. Let d = p - 0. Calculate the highest common divisor of d and 2.
1
Suppose -3*o = -8*o + 5. Suppose 4*r = 3*t - o, -2*t - 2*t - 3*r - 7 = 0. Let h be t/(-2 + (-9)/(-5)). Calculate the highest common divisor of h and 15.
5
Let f = 64 - 46. Calculate the highest common factor of 45 and f.
9
Suppose 195 + 85 = 5*x. What is the greatest common divisor of 84 and x?
28
Let j = 20 - 8. Calculate the greatest common factor of 6 and j.
6
Suppose -2*v + 76 = 4*m, -6*m = -4*v - 2*m + 188. Let h = 12 + -8. Calculate the greatest common factor of h and v.
4
Let g be (-178)/(-9) - (-2)/9. Suppose -2*i - g = -3*i. Let t(f) = f**2 + f + 2. Let h be t(2). What is the greatest common divisor of h and i?
4
Suppose -9 = -c - 3*m, -2*c = -4*c + 3*m + 45. Let z(h) = -h**3 - 2*h**2 - 3*h. Let k be z(-2). What is the highest common factor of c and k?
6
Let a be (-15)/(-4) + (-2)/(-8). Suppose 0 = a*b - 15 - 9. Suppose -26*y = -16*y - 180. What is the highest common divisor of b and y?
6
Let t(v) be the first derivative of -v**2 + 10*v + 5. Let g be t(0). Calculate the highest common factor of 15 and g.
5
Let d be 1*-8*(-1 - 0). Suppose 0 = r - 4*f + 15, 5*r + 4*f - 31 = -10. Let m be (8/r)/(2/4). What is the highest common divisor of m and d?
8
Let s(a) = 17 + 8*a - 17. Let x be s(2). What is the greatest common factor of 8 and x?
8
Let b(s) = s**3 + 6*s**2 + 4*s + 4. Let z = 10 + -14. Let r be b(z). What is the greatest common divisor of 30 and r?
10
Let n be (0 - 0) + -1 + 4. Suppose -13 = -d - n. Let m = -21 + 71. What is the highest common divisor of m and d?
10
Let j = 19 - -6. Suppose -2*p + j = 3*p. Suppose 3*f + 0*y = 4*y + 284, -y - 479 = -p*f. What is the greatest common factor of 24 and f?
24
Let x be -1*(3 - 2) + 7. Let s(v) = -v**3 - 5*v**2 - 5*v + 2. Let z be (-2)/(-1 + (-3)/(-2)). Let i be s(z). Calculate the highest common divisor of i and x.
6
Suppose -5*v - 93 + 243 = 0. Calculate the highest common factor of v and 5.
5
Let r(h) = 3*h**2 - 3*h - 1. Let v(a) = -a - 2. Let j be v(-12). Let n = j - 13. Let c be r(n). What is the highest common factor of c and 5?
5
Let u = 122 - 50. Let m(s) = 9*s**2 - s. Let l be m(1). Calculate the highest common divisor of l and u.
8
Let k be -8 - (-3 - (-2)/2). Let c be k/(-21) - 2600/(-14). Let n = -130 + c. What is the greatest common divisor of n and 14?
14
Suppose -n = 1, 2*y - 5*y + n = -49. Let r(w) = -4*w. Let o be r(-4). Calculate the highest common factor of y and o.
16
Let x(b) = b**2 + 7*b + 3. Let g be x(-7). Suppose -g*y = 8 - 32. Suppose 5*a - 7 = o, -5*o + 3*a = -0*a - 31. Calculate the highest common factor of o and y.
8
Let r be 12*(16/(-4) + 112/6). What is the greatest common factor of 16 and r?
16
Let l(d) = -d**3 + 14*d**2 + 14*d - 18. Let v be l(13). Calculate the greatest common divisor of v and 37.
37
Suppose -88 = -4*v - 24. Calculate the greatest common divisor of v and 112.
16
Let s(y) = y**2 + 6